 y. Calculate s(-2).
-19
Let p(o) = -o. Let x(s) = s**2 - 5*s + 9. Let h(c) = -4*p(c) - x(c). What is h(7)?
5
Suppose -m + 3*d + 33 = m, -5*m + d + 115 = 0. Suppose 3*s = 7*s + m. Let o(z) = z + 6. Determine o(s).
0
Let b(z) = 3*z**2 + 4 - 5 + 5*z - 2*z**2. Let r(s) = -s**2 - 16*s - 33. Let d be r(-14). Give b(d).
-1
Suppose 2*w + 2*p = 4, 0 = -2*w + 6*w + 2*p + 2. Let d be 0/(-2 + 0/1). Let m(c) = -c - c + c + d. Determine m(w).
3
Suppose -3*m + 3*p - 12 = -0*p, -10 = -2*m - 4*p. Let r be 6/4 + m/(-2). Let a = -7 + r. Let s(o) = -o**2 - 6*o - 7. What is s(a)?
-2
Let j(s) = 4*s**2 + 28*s - 17. Let h(i) = i**2 + 7*i - 4. Let f(n) = -9*h(n) + 2*j(n). Give f(-5).
12
Let s(x) = -x**2 - 9*x - 9. Let v be s(-7). Suppose v - 17 = -4*g. Let b(z) = -6*z + 4*z + 2 - 5 + g*z. Give b(4).
1
Let v be (-34)/6 + (-3)/9. Let n(k) = -k**2 - 6*k + 3. What is n(v)?
3
Let k(c) be the second derivative of c**5/20 - 7*c**4/12 - c**3/6 + 7*c**2/2 + 33*c + 1. Determine k(7).
0
Let q(k) = 4*k**2 + 2*k - 1. Let y be q(1). Let j = -6 + y. Let t(z) be the first derivative of -11*z**4/4 - z**3/3 + z**2/2 + z + 1. What is t(j)?
10
Let w(l) be the second derivative of -1/360*l**6 + 0*l**2 - 1/120*l**5 + 0 + 0*l**4 - 1/3*l**3 - l. Let x(j) be the second derivative of w(j). Determine x(-2).
-2
Let g(u) be the second derivative of -u**3/3 - 2*u**2 - 7*u. What is g(-3)?
2
Let k(f) be the second derivative of f**3/6 + 3*f**2/2 - 2*f. Let p(j) = -j**3 + 4*j**2 + j - 4. Let g be p(3). Let v = 6 - g. Determine k(v).
1
Let n(y) = 9*y + 1. Let j(h) = h. Let m(q) = -2*q. Let b(o) = -j(o) - m(o). Let i be b(1). What is n(i)?
10
Let s(p) = -2*p + 1. Let f = 60 - 62. Give s(f).
5
Let m(r) = 3*r + 1. Suppose 2*v + 18 = 6. Let w = -5 - v. Give m(w).
4
Suppose 4*m + 2 = 5*s, -4*m - s = -0*m + 14. Let c(l) = 0*l + 2*l**2 - 5*l**2 + l - l**3 - 4. Give c(m).
-7
Let u be (27/12)/((-5)/(-20)). Let i(z) = z**2 - 10*z. Determine i(u).
-9
Let o(a) = 2*a**2 + 21*a + 12. Let n(f) = -f**2 - 10*f - 6. Let d(g) = -5*n(g) - 2*o(g). Give d(-6).
-6
Let p(n) = -n**3 - 4*n**2 - 3*n - 1. Let g be (-6)/(5/30*9). What is p(g)?
11
Suppose 22 = -7*a + 71. Let z(i) = -2*i + 8. Calculate z(a).
-6
Let r be 3/3*(-4)/(-2). Let c(f) = -f**2 - 1 - 1 - f - 3*f - r*f. Let h(u) = -4*u**2 - 1. Let x be h(1). Calculate c(x).
3
Suppose 18 + 10 = 4*i + 3*f, -20 = -3*i - 2*f. Suppose i*p = -p + 4*j - 27, 4*p + 4*j = 0. Let g(x) = x**2 + x - 1. Determine g(p).
5
Suppose -x = x - 8. Let n(o) = 0*o**3 + 1 - 6 + o + x - o**3. What is n(0)?
-1
Let s(n) be the third derivative of n**6/120 - n**5/12 - n**4/4 + 2*n**3/3 + 29*n**2. Suppose -38 = -5*t - 8. Calculate s(t).
4
Let j(d) = -7*d**3 + 15*d**2 - d + 17. Let t(b) = 3*b**3 - 7*b**2 + b - 8. Let l(h) = -2*j(h) - 5*t(h). Give l(4).
10
Let z be (-2*10/4)/1. Let u be -3 + 0 - z - 3. Let r(n) = n - 2*n + 1 - 5*n**2 - 2. Determine r(u).
-5
Suppose 0 = u + 3*u - 36. Let h = u - 6. Let t(n) = 2*n**2 - 2 - 1 + 4 - 5*n + n. What is t(h)?
7
Let z(f) be the second derivative of -f**4/12 + f**3/2 - f**2 - 42*f. Let n(g) = -g**3 + 5*g**2 + 4. Let o be n(5). Give z(o).
-6
Let a(w) be the second derivative of -3*w**4/8 + w**3/6 - 3*w**2/2 + 3*w. Let l(j) be the first derivative of a(j). Calculate l(1).
-8
Let u(x) = -x**3 + 5*x**2 - 3*x + 2. Let k be u(4). Let m be (-15)/k*12/(-10). Let f be (3/5)/(m/15). Let p(h) = -h**2 + 5*h - 3. Give p(f).
3
Let g(a) = -1. Let h(j) = -j**3 + 6*j**2 - 5*j + 5. Let u(k) = -4*g(k) - h(k). What is u(5)?
-1
Let r be 1/1 + (6 - 5). Suppose 3*x + 5*u = u - 20, -3*u = -x + r. Let c(h) = -4*h - 5 + 2*h + 2. What is c(x)?
5
Let d(c) = -c**2 - 7*c - 1. Suppose -3*p = -4*s - 2*p - 35, 5*p + 5 = 0. Give d(s).
-19
Let f(d) = -d**2 - 9*d - 9. Let g be f(-8). Let q(p) = -3*p**3 - 6*p**3 - 1 - 2*p + 4*p**3. Give q(g).
6
Let n(w) = -3*w**3 + 4*w**2 - 18 - 3 + 19 + 4*w**3. Suppose 0 = 4*h + 3*z + 31, z - 4*z - 19 = h. What is n(h)?
-2
Let z = -10 + 17. Let u(w) = w - 9. What is u(z)?
-2
Let l(s) = -4 + s - s**2 + 4*s + s + 2*s. Give l(6).
8
Let v = 12 + -11. Suppose 9 = -2*q - v. Let t(a) = a**3 + 6*a**2 + 5*a + 5. Calculate t(q).
5
Let k(s) = s**3 + 4*s**2 - 5*s - 3. Let x(a) = 2*a + 13. Suppose -2*h = -5*w - 24, 0*h + 14 = 3*h - 2*w. Let r be -9*h/(1 + 1). Let l be x(r). Determine k(l).
-3
Let a(f) = 3 - 4 + 2 - 2 - 3*f. Let p be (4/6)/((-4)/(-18)). Suppose -5*l - 5 = p*g, 4*l + 2 = -0*l - 2*g. Calculate a(l).
-7
Let v(q) = q + 4. Let d be 1*3 - -18*1/(-2). Give v(d).
-2
Let z(x) = 1 + 1 - 6*x + 3*x. Determine z(-2).
8
Let b(x) be the third derivative of -x**6/120 - x**5/10 + x**4/4 - 4*x**3/3 + 16*x**2. What is b(-7)?
-1
Let r(a) be the second derivative of -a**5/20 - 2*a**4/3 - a**3 + 5*a**2 - 11*a. Calculate r(-7).
3
Let p(k) be the second derivative of k + 0 + 0*k**2 + 7/6*k**3. Give p(-1).
-7
Let o(c) be the first derivative of 1/24*c**4 + 0*c + c**2 - 3 - 5/6*c**3. Let r(w) be the second derivative of o(w). Give r(4).
-1
Let l(k) be the third derivative of -k**4/24 + 2*k**3 + 7*k**2. Give l(9).
3
Let o(c) = -c**2 + c + 3. Let i be (-5)/10 - (-22)/4. Let v be i + (1 - 5) + 2. What is o(v)?
-3
Suppose 7*f - 3*f - r = 11, r = 2*f - 3. Suppose f*o - 5 = 3. Suppose 2*a - 20 = -o*a. Let w(d) = -2*d + 7. Determine w(a).
-3
Let y(l) = 0*l - 12 - 5*l + 8*l. Suppose 0 = -4*a + 3*a - 2*b + 14, -5*a - 4*b + 52 = 0. Let w(f) = -2*f + 8. Let u(r) = a*w(r) + 5*y(r). Determine u(0).
4
Suppose -a + 24 = 2*a. Let o be (-4)/(-16) - 22/(-8). Suppose -a = q - o. Let d(j) = -j**2 - 6*j + 3. Calculate d(q).
8
Let o(r) = 3 - 4 + 3*r - r**2 + 8. Give o(5).
-3
Let g(m) = m**3 + 3*m**2 + m - 3. Suppose -x - x = -4, 2*n - 5*x + 16 = 0. Determine g(n).
-6
Let w(l) = -2*l + 6. Let r(h) = 2*h - 6. Let v(a) = 2*r(a) + 3*w(a). Let c = 0 - -5. Determine v(c).
-4
Let i(c) = 4*c + 2. Let o = -1 + 5. Let g = o + -7. Determine i(g).
-10
Let y(w) = 6*w**3 + 2*w**2 + 5*w + 4. Let x(o) = o**3 + o**2 + o. Suppose -u - 2*u - 3 = 0. Let f(m) = u*y(m) + 5*x(m). Determine f(3).
-4
Let w(t) = t**2 - 5*t - 5. Suppose 0 = 4*z - 32 + 4. Let d = z + -2. Give w(d).
-5
Suppose -2*d - x + 7 = d, 2*d = -2*x + 6. Let o be -3*((-2)/(-2) - 2). Let a(u) = 3 + u**o - 3*u**2 + u**d - 2*u**2 + 3*u. What is a(3)?
3
Let m(i) = -9*i**2. Suppose 3*q + 3*f = -2*f + 13, 8 = 4*f. Calculate m(q).
-9
Let t = -1 + 5. Let w(n) = -n**2 + 3*n + 4. Calculate w(t).
0
Suppose 5*o + 21 = 1. Let r(b) be the third derivative of -b**4/24 - 5*b**3/6 + b**2. What is r(o)?
-1
Let l = 7 - 4. Suppose -5*u = -a - 9, -a - 3*a - 13 = l*u. Let t(q) = -5*q. Calculate t(u).
-5
Let d(o) be the first derivative of -1/3*o**3 + 1/2*o**2 + 3*o + 3. Calculate d(3).
-3
Let b(r) = r**3 + 6*r**2 + 5*r + 3. Suppose -3*p + 3 = 2*u - 0*u, 21 = 4*p - 3*u. Suppose 0 = -p*y, -c = -3*c + 4*y - 10. What is b(c)?
3
Let m(s) = -9*s + 5. Suppose 4*q + a = 2*a - 25, -3*q - a = 17. Let y(f) = -19*f + 11. Let d(t) = q*y(t) + 13*m(t). Calculate d(2).
-7
Let r(i) be the third derivative of i**5/60 + i**4/24 - 2*i**3/3 + i**2. Let n be -2 + -6*(-2 - -1). Suppose 3*t - 2*t + n = 0. Determine r(t).
8
Let i(l) = -l**2 - 2*l + 5. Let k be ((-20)/6)/(2/(-3)). Suppose -4*o + 0*v - 11 = v, -5*o + k = 5*v. What is i(o)?
-3
Let m(f) = -f**3 - f**2 + 2*f - 1. Suppose 16 = -4*z + 24. Determine m(z).
-9
Let d(y) = 3*y**2 - 7*y. Let r(o) = 2*o**2 - 6*o + 1. Let k(p) = 3*d(p) - 4*r(p). Give k(-4).
0
Suppose -2*o + 5*o = 9. Let z(l) = -l**3 + 5*l**2 - 5*l + 2. Calculate z(o).
5
Let l(d) be the second derivative of d**6/360 - d**5/60 - d**4/3 + 3*d. Let b(t) be the third derivative of l(t). Calculate b(-2).
-6
Let o(v) = -v - 6. Let z be o(-6). Suppose -2*r - r = z. Suppose 0 = -4*s - r*s. Let b(m) = -m**3 + m**2 + m + 6. Calculate b(s).
6
Let b(z) = -2*z - 4. Let w(x) = x**3 - x**2 - x + 4. Let t be w(0). Suppose -1 = t*c - 3*c, 5*n = -4*c - 24. Determine b(n).
4
Let j(y) = -4*y - 3. Let t be 32/(-4)*(12/(-8) - -2). Calculate j(t).
13
Let p(u) = -u**2 + 10*u - 3. Let y(o) = -4*o**2 + 41*o - 11. Let t(z) = -9*p(z) + 2*y(z). Give t(8).
5
Let s(c) be the second derivative of c**4/12 + 4*c**3/3 + 3*c**2 + c. Suppose 0 = -47*o + 48*o + 8. Give s(o).
6
Let k(q) = q**2 - 4. Let g(o) = -o**3 - 12*o**2 + 4. Let w be g(-12). What is k(w)?
12
Suppose -3*c + 0*c = -18. Suppose -4*j = 3 - 11. Let f(i) = -6*i -